277
What are the prime factors of 27043?
27043
What are the prime factors of 63553?
7, 1297
What are the prime factors of 3164?
2, 7, 113
List the prime factors of 439.
439
What are the prime factors of 13961?
23, 607
What are the prime factors of 4449?
3, 1483
List the prime factors of 1785.
3, 5, 7, 17
List the prime factors of 12753.
3, 13, 109
What are the prime factors of 26440?
2, 5, 661
List the prime factors of 1927.
41, 47
List the prime factors of 504.
2, 3, 7
List the prime factors of 1212.
2, 3, 101
List the prime factors of 21309.
3, 7103
What are the prime factors of 30737?
7, 4391
What are the prime factors of 69446?
2, 13, 2671
What are the prime factors of 2807?
7, 401
List the prime factors of 967.
967
What are the prime factors of 10761?
3, 17, 211
What are the prime factors of 169?
13
List the prime factors of 56914.
2, 11, 13, 199
List the prime factors of 838.
2, 419
What are the prime factors of 6364?
2, 37, 43
List the prime factors of 141784.
2, 37, 479
What are the prime factors of 30719?
13, 17, 139
What are the prime factors of 176?
2, 11
What are the prime factors of 10437?
3, 7, 71
What are the prime factors of 74107?
11, 6737
List the prime factors of 2181.
3, 727
What are the prime factors of 42029?
13, 53, 61
What are the prime factors of 374?
2, 11, 17
What are the prime factors of 6316?
2, 1579
List the prime factors of 101.
101
List the prime factors of 2224.
2, 139
What are the prime factors of 1122?
2, 3, 11, 17
List the prime factors of 342.
2, 3, 19
What are the prime factors of 710?
2, 5, 71
What are the prime factors of 3453?
3, 1151
List the prime factors of 1165.
5, 233
What are the prime factors of 27918?
2, 3, 11, 47
List the prime factors of 8111.
8111
List the prime factors of 55040.
2, 5, 43
List the prime factors of 5103.
3, 7
What are the prime factors of 472?
2, 59
What are the prime factors of 12185?
5, 2437
What are the prime factors of 179?
179
List the prime factors of 5368.
2, 11, 61
List the prime factors of 9233.
7, 1319
What are the prime factors of 1439?
1439
List the prime factors of 187.
11, 17
What are the prime factors of 4369?
17, 257
List the prime factors of 44536.
2, 19, 293
List the prime factors of 142851.
3, 17, 2801
List the prime factors of 1012.
2, 11, 23
What are the prime factors of 4080?
2, 3, 5, 17
List the prime factors of 1148.
2, 7, 41
What are the prime factors of 366?
2, 3, 61
List the prime factors of 6407.
43, 149
List the prime factors of 3555.
3, 5, 79
What are the prime factors of 4034?
2, 2017
What are the prime factors of 31?
31
What are the prime factors of 1484?
2, 7, 53
List the prime factors of 25170.
2, 3, 5, 839
What are the prime factors of 4014?
2, 3, 223
List the prime factors of 954.
2, 3, 53
What are the prime factors of 446?
2, 223
List the prime factors of 30217.
11, 41, 67
What are the prime factors of 29585?
5, 61, 97
List the prime factors of 31351.
107, 293
What are the prime factors of 14084?
2, 7, 503
List the prime factors of 3013.
23, 131
What are the prime factors of 2097?
3, 233
What are the prime factors of 2712?
2, 3, 113
What are the prime factors of 6952?
2, 11, 79
List the prime factors of 25764.
2, 3, 19, 113
List the prime factors of 4553.
29, 157
List the prime factors of 5196.
2, 3, 433
What are the prime factors of 3082?
2, 23, 67
What are the prime factors of 1810?
2, 5, 181
List the prime factors of 1007.
19, 53
What are the prime factors of 2705?
5, 541
List the prime factors of 1192.
2, 149
What are the prime factors of 1540?
2, 5, 7, 11
What are the prime factors of 2143?
2143
List the prime factors of 37160.
2, 5, 929
What are the prime factors of 945?
3, 5, 7
What are the prime factors of 13140?
2, 3, 5, 73
What are the prime factors of 3657?
3, 23, 53
List the prime factors of 1093.
1093
What are the prime factors of 2621?
2621
What are the prime factors of 7459?
7459
List the prime factors of 13190.
2, 5, 1319
What are the prime factors of 1000?
2, 5
List the prime factors of 1806.
2, 3, 7, 43
List the prime factors of 935.
5, 11, 17
What are the prime factors of 2837?
2837
What are the prime factors of 9528?
2, 3, 397
List the prime factors of 18830.
2, 5, 7, 269
List the prime factors of 12009.
3, 4003
What are the prime factors of 3718?
2, 11, 13
List the prime factors of 2549.
2549
What are the prime factors of 2308?
2, 577
What are the prime factors of 45589?
45589
List the prime factors of 3726.
2, 3, 23
What are the prime factors of 7921?
89
List the prime factors of 31531.
31531
List the prime factors of 8.
2
List the prime factors of 31668.
2, 3, 7, 13, 29
What are the prime factors of 72880?
2, 5, 911
List the prime factors of 8162.
2, 7, 11, 53
What are the prime factors of 2728?
2, 11, 31
What are the prime factors of 7461?
3, 829
What are the prime factors of 106069?
73, 1453
List the prime factors of 6856.
2, 857
List the prime factors of 566.
2, 283
List the prime factors of 142772.
2, 7, 5099
What are the prime factors of 19485?
3, 5, 433
What are the prime factors of 2741?
2741
List the prime factors of 9889.
11, 29, 31
What are the prime factors of 8549?
83, 103
List the prime factors of 10.
2, 5
List the prime factors of 48.
2, 3
List the prime factors of 105633.
3, 11, 97
List the prime factors of 6.
2, 3
List the prime factors of 4714.
2, 2357
What are the prime factors of 3482?
2, 1741
List the prime factors of 26568.
2, 3, 41
List the prime factors of 1896.
2, 3, 79
What are the prime factors of 94517?
47, 2011
What are the prime factors of 20796?
2, 3, 1733
List the prime factors of 2621.
2621
What are the prime factors of 82615?
5, 13, 31, 41
List the prime factors of 1788.
2, 3, 149
List the prime factors of 40607.
7, 5801
List the prime factors of 10065.
3, 5, 11, 61
What are the prime factors of 823?
823
List the prime factors of 14334.
2, 3, 2389
What are the prime factors of 658?
2, 7, 47
List the prime factors of 2373.
3, 7, 113
What are the prime factors of 20?
2, 5
List the prime factors of 26400.
2, 3, 5, 11
List the prime factors of 91863.
3, 59, 173
What are the prime factors of 33019?
7, 53, 89
List the prime factors of 1694.
2, 7, 11
What are the prime factors of 1832?
2, 229
What are the prime factors of 199?
199
List the prime factors of 1815.
3, 5, 11
What are the prime factors of 8515?
5, 13, 131
What are the prime factors of 1081?
23, 47
List the prime factors of 2203.
2203
What are the prime factors of 3619?
7, 11, 47
List the prime factors of 393.
3, 131
List the prime factors of 16819.
11, 139
List the prime factors of 112081.
17, 19, 347
What are the prime factors of 23775?
3, 5, 317
What are the prime factors of 1150?
2, 5, 23
What are the prime factors of 95373?
3, 10597
List the prime factors of 4219.
4219
What are the prime factors of 8751?
3, 2917
What are the prime factors of 5357?
11, 487
What are the prime factors of 48910?
2, 5, 67, 73
What are the prime factors of 165085?
5, 137, 241
List the prime factors of 28539.
3, 7, 151
What are the prime factors of 30006?
2, 3, 1667
List the prime factors of 93591.
3, 10399
List the prime factors of 425.
5, 17
List the prime factors of 57290.
2, 5, 17, 337
What are the prime factors of 7520?
2, 5, 47
What are the prime factors of 32366?
2, 16183
What are the prime factors of 3330?
2, 3, 5, 37
List the prime factors of 167.
167
List the prime factors of 1090.
2, 5, 109
List the prime factors of 93998.
2, 43, 1093
List the prime factors of 955.
5, 191
What are the prime factors of 10186?
2, 11, 463
List the prime factors of 149833.
269, 557
List the prime factors of 73500.
2, 3, 5, 7
What are the prime factors of 3491?
3491
List the prime factors of 291.
3, 97
What are the prime factors of 160407?
3, 13, 457
What are the prime factors of 63938?
2, 7, 4567
List the prime factors of 2428.
2, 607
List the prime factors of 820.
2, 5, 41
What are the prime factors of 2833?
2833
What are the prime factors of 3819?
3, 19, 67
List the prime factors of 242.
2, 11
What are the prime factors of 47690?
2, 5, 19, 251
What are the prime factors of 41?
41
What are the prime factors of 1827?
3, 7, 29
List the prime factors of 2246.
2, 1123
List the prime factors of 17349.
3, 5783
What are the prime factors of 8507?
47, 181
What a